- 136. Calculate the highest common factor of f and 50.
25
Let l(a) = 2*a**2 + 63*a - 3491. Let p be l(38). What is the greatest common factor of 199 and p?
199
Let h be (4/(-5))/((-538)/(-270) - 2). Suppose -7*i - 52 = -h. Calculate the highest common divisor of 1 and i.
1
Let o be 163 - (3 + -4 + 3). Let z = o - 28. What is the highest common factor of 14 and z?
7
Let s(g) = -4*g + 125. Let w be s(30). Suppose -1614 = -4*y + h, 10*y + 2025 = 15*y - w*h. What is the greatest common divisor of 155 and y?
31
Suppose d = 0, -3*q + 5*d - 300 = -8*q. Suppose 4*t - 5*o - 165 = 0, 3*t - 152 = 2*o - 30. Calculate the highest common factor of t and q.
20
Suppose 741*w = 1068*w - 105621. What is the highest common factor of 1007 and w?
19
Suppose -1601 = 10*k - 12221. Calculate the highest common factor of 54 and k.
18
Suppose -4*c = -22 + 2. Let w be (3 - 9/(-2)) + 2/4. Let j(s) = -s**3 + 9*s**2 - 4*s + 8. Let h be j(w). What is the highest common factor of c and h?
5
Let w = 326 - 326. Suppose -2*i - g + 303 = -0*i, 5*i - 5*g - 765 = w. What is the greatest common divisor of 114 and i?
38
Suppose 0 = 878*x - 893*x + 375. Suppose -p - 503 = -4*s, 6*s + 2*p - 369 = 3*s. Calculate the highest common divisor of x and s.
25
Suppose -x + 22*b - 19*b = -20, x - 19 = 2*b. Suppose y = s - 70, -s + 90 = -3*y + 16. Calculate the highest common divisor of x and s.
17
Let y(a) = 2*a**3 - 33*a**2 - 31*a + 326. Let t be y(17). What is the greatest common divisor of t and 14?
2
Let h be (6/8)/(9*(-7)/(-1260)). Let w be (-271)/(-3) - 5/(h/(-2)). What is the highest common factor of 7 and w?
7
Let p be (-6)/(-9) + (-2368)/(-12). Let b = p - 164. Calculate the highest common divisor of 119 and b.
17
Suppose 3523*h - 3874 = 3374*h. What is the highest common factor of 13546 and h?
26
Suppose -248*g + 268651 = -316133. What is the greatest common factor of g and 54?
18
Let d = 1750 + -947. Let i = 358 + -347. What is the highest common factor of i and d?
11
Let c = 509 + -388. Let m(f) = 2*f**2 - 6*f. Let u be m(4). Let g be u + ((-18)/(-15))/(8/20). Calculate the highest common factor of c and g.
11
Let l be 1*((-28)/(-35))/(2/(-25)). Let u be ((-15)/l)/((-9)/(-276) + 0). Calculate the highest common factor of 184 and u.
46
Suppose -2*a = a - 3, -4*l = 2*a - 338. Suppose -12*z + 20 = -2*z. Let t be 14 + (z - (-6 - -10)). Calculate the greatest common divisor of t and l.
12
Let h = 6716 + -6682. What is the greatest common divisor of h and 1853?
17
Let o be (-4 - 81/18)*-2. Suppose o*b - 583 = 2324. Calculate the greatest common divisor of b and 36.
9
Let c be 2/(-2*(-1)/52). Let l be (7 - 2 - (-60)/(-10)) + 4. Suppose 5*h + 36 = 2*o, -o + l*h + 21 = -h. What is the greatest common divisor of o and c?
13
Let l(h) = -h**3 - 3*h**2 - 2*h + 1. Let c be -4 + -2 + 1 + 2. Let r be l(c). Suppose -q = -r - 37. Calculate the highest common factor of 132 and q.
44
Let s be ((-207180)/108)/((-11)/165). What is the highest common factor of 25 and s?
25
Let g be (7/(-3))/((-19)/342). Let z be 280/g*((3 - -17) + -2). Calculate the highest common divisor of z and 40.
40
Let x(o) = -34*o - 19. Suppose 0 = w + 2*w + 3, 0 = 2*v - w + 15. Let p be x(v). Calculate the highest common factor of p and 11.
11
Let c be (-5*1)/(50/10 + -6). Suppose 4*b - 8*j + 9*j = 22, 0 = -5*b + c*j + 15. What is the greatest common divisor of 4 and b?
1
Let a = -14 + 189. Let b(h) = 50*h - 94. Let c be b(8). Let w = 376 - c. Calculate the highest common divisor of a and w.
35
Let g(w) = -275*w - 335. Let h be g(-3). Calculate the highest common divisor of h and 882.
98
Suppose -5*i - 36 = 74. Let q be (-101)/(-4) - i/(-88). Suppose 29*a - q*a = 72. What is the highest common divisor of a and 63?
9
Suppose -119*m = -127*m + 440. Suppose 3*t - 275 = 2*t. What is the highest common factor of m and t?
55
Let n = -7626 - -7757. Calculate the greatest common factor of n and 9.
1
Suppose k = 5*v - k - 13, -k + 10 = 3*v. Suppose -v*p = -26*p + 759. Let z = 99 - 0. What is the greatest common divisor of p and z?
33
Let c(i) = i**3 + 55*i**2 - 68*i - 294. Let r be c(-45). Calculate the greatest common factor of r and 28.
28
Suppose -76*t = o - 78*t - 44, 0 = 2*o + 4*t - 128. What is the highest common divisor of o and 70?
2
Let l(j) = -1. Let q(i) = -36*i - 976. Let y(g) = -12*l(g) - q(g). Let w be y(0). Calculate the greatest common factor of 76 and w.
76
Suppose 7*z + 1904 - 4618 = 3376. What is the highest common factor of z and 390?
30
Let x be ((-62)/(-4) + -2)*(-364)/(-65)*45. What is the highest common factor of 28 and x?
14
Let a(c) = 53*c + 4. Let o be a(7). Let f = 466 + -451. What is the highest common factor of f and o?
15
Let i(x) = 70*x - 337. Let b be i(6). What is the greatest common divisor of 15 and b?
1
Suppose 27*p - 4*p + 27*p - 1000 = 0. What is the highest common divisor of 5010 and p?
10
Suppose 160*z = 152*z + 112. Calculate the greatest common divisor of 406 and z.
14
Suppose -4*j + 0*j + 12 = 0. Let d be (-3)/j*5/(-15)*0. Suppose d = -5*i + 3*r + 127, 0*i - 27 = -i - r. What is the greatest common divisor of i and 13?
13
Suppose -48463 - 46527 - 12966 = -197*r. What is the highest common divisor of 3973 and r?
137
Let o be 2/(-2)*(42 + (-777)/7). What is the highest common factor of 11937 and o?
69
Let c be (-5)/(-1)*(-218 + 256). What is the greatest common factor of c and 2242?
38
Let v(k) = 4*k**2 + 2*k. Let z be v(2). Suppose -363 + 153 = -14*x. Calculate the greatest common factor of z and x.
5
Suppose 14969*f - 14974*f + 30 = 0. What is the greatest common factor of f and 128?
2
Suppose 2*c + 0*c = 684. Let f be (15/25 + c/(-20))*-60. Suppose 2*o - f = -16*o. Calculate the highest common divisor of o and 11.
11
Let z = -572 + 208. Let m = -244 - z. Let r = -121 + 169. Calculate the greatest common divisor of r and m.
24
Let y be (-2)/((25/(-800))/((-1)/(-2))). Suppose -f + 2*f = 5. Suppose 3*q + 160 = f*q. What is the highest common factor of q and y?
16
Let m(n) = 6 - 3*n + 1 + 7*n + 1. Let q be m(0). Let l(p) = p**3 - 6*p**2 + 4*p. Let s be l(q). What is the greatest common factor of s and 32?
32
Let y = -3392 + 3399. Calculate the greatest common divisor of y and 27.
1
Suppose 396 - 4531 - 6436 = -31*o. Calculate the greatest common divisor of 374 and o.
11
Suppose g - 424 = -r, 0 = -2*r + r - 2*g + 423. Let s(p) = 846*p + 8477. Let o be s(-10). What is the highest common factor of o and r?
17
Let x(i) = -18*i - 801. Let t be x(-59). Calculate the greatest common divisor of 377 and t.
29
Let h be (-40)/16*8/(-10). Suppose 2*f + h*b - 6 = 0, b + 2*b = -2*f + 6. Let y(l) = 18*l + 1. Let c be y(f). Calculate the highest common factor of 11 and c.
11
Suppose 2*v + 2*s + 7 = -s, 0 = s + 3. Suppose 3*f = 2*g - v, 2*g - 22 = -0*g - 4*f. Suppose 17 + 13 = g*b. Calculate the highest common divisor of b and 15.
3
Let v = 290 + -278. Suppose 10*i - 44 = -3*m + v*i, -4*m + 28 = 5*i. Suppose 27 + 93 = 2*q. What is the greatest common divisor of q and m?
12
Let s be (-20)/(-4) + -1 + 1. Suppose s*m = m + 12. Suppose 4*g = 309 + m. What is the highest common factor of 195 and g?
39
Let p(c) = 106*c + 1126. Let r be p(14). Calculate the greatest common divisor of 180 and r.
90
Let k be (1541 - -3) + 484/(-242). What is the highest common divisor of k and 18?
6
Let o be -99*(965/(-45) + 17). Calculate the greatest common factor of 9460 and o.
220
Let m(q) = 24*q**2 - 48*q + 434. Let s be m(7). What is the greatest common factor of s and 238?
14
Suppose -53*i - 4169 + 9170 + 4380 = 0. Calculate the highest common divisor of i and 183.
3
Suppose -2*h - 10051 = -0*h - 25*h. What is the greatest common divisor of 57 and h?
19
Let p be (1 - 33/6)*-2. Suppose -j - p = -3*s + 2*s, -3*j = 3. Calculate the highest common divisor of 16 and s.
8
Let c be (214 - 1) + 0 + -5. Let g = c + -197. What is the greatest common factor of g and 407?
11
Let z be 2/12 + -2937*((-570)/(-108))/(-19). What is the greatest common divisor of 1200 and z?
48
Let b be 6/(-2) - (-203014)/(5 - -2) - 5. What is the greatest common factor of b and 532?
266
Suppose 2*i = -3*j - 2*j, 2*i = -4*j - 2. Suppose 0*m - j*m = -5*a - 25, 5*m + 3*a = 78. What is the highest common factor of m and 465?
15
Let d be ((-1 + 30)/(-1))/((-60)/480)